(-20).
2207
Let a be 53/(-5) - (-12)/(-30). Let t = 11 - a. List the prime factors of t.
2, 11
Let g be ((2/(-1))/(-2))/(13/(-26)). List the prime factors of (-1800)/(-21) + g/(-7).
2, 43
Suppose j = -2*s - 1, 0 = 3*s - 0*j + j + 1. Suppose 3*o + 6 = -3*y, -o - o - 4*y - 14 = s. What are the prime factors of o/(-7) - 808/(-56)?
2, 7
Let x be 1940/25 - 4/(-10). Suppose -w - 4 = -x. Suppose w = 2*k + 28. What are the prime factors of k?
23
Let j(q) be the first derivative of -q**4/4 + q**3/3 + 3*q**2 + 2*q + 11. What are the prime factors of j(3)?
2
Let n(f) = 9*f. Let a(j) = 10*j - 1. Let s(p) = 5*a(p) - 6*n(p). Let v(l) = -20*l - 25. Let z(b) = -11*s(b) + 2*v(b). List the prime factors of z(4).
3, 7
Let u(h) = 8*h + 1. Let s be u(1). Suppose s*m - 6*m = 27. Suppose m*n = 2*n + 462. List the prime factors of n.
2, 3, 11
Let u be 5*(2 + 3/(-3)). Suppose 65 = 3*q - 2*q + i, -q = u*i - 65. What are the prime factors of (78/q)/((-6)/(-20))?
2
Let y = 12 + -7. Let i = -2 + y. Suppose -i*k + 7 = -56. What are the prime factors of k?
3, 7
Let c = 142 - 68. List the prime factors of c.
2, 37
Suppose 2 = -p, -5*g + 8 = -2*p - 11. Suppose g*t = 220 + 71. Suppose -5*q + 279 = 4*u, -2*q = u - t - 14. What are the prime factors of q?
5, 11
Let o(k) be the second derivative of k**7/840 - k**6/120 - k**5/30 + k**3 - 6*k. Let g(z) be the second derivative of o(z). What are the prime factors of g(5)?
2, 3, 5
Suppose -y - 14 = -b, y + 2*b = 1 - 3. Let v = 91 + y. List the prime factors of v.
3
Let d = 47 + -45. Suppose -d*n = -196 + 34. List the prime factors of n.
3
Suppose d - 6*d = -35. Let b = 11 - d. Suppose b*o - 8*o + 228 = 0. What are the prime factors of o?
3, 19
Suppose -12*z + 14570 = -8*z - 2*y, 0 = 2*z + 2*y - 7288. List the prime factors of z.
3643
Let s(q) = 79*q - 113. What are the prime factors of s(10)?
677
List the prime factors of (4/(-3))/(72/(-7668)).
2, 71
Let u(i) = 311*i**2 - i. What are the prime factors of u(-1)?
2, 3, 13
Let w(o) = -o**2 - 9*o + 2. Let f be w(-9). List the prime factors of ((-117)/(-12))/(-2*f/(-80)).
3, 5, 13
Let r(p) = 26*p**3 - 2*p**2 - 11*p + 24. List the prime factors of r(3).
3, 5
Suppose -11 = -5*d + 3*q, -5*q + 0*q = -4*d + 14. Let b be 113 - 0 - (1 + d). List the prime factors of (b/6)/((-3)/(-6)).
37
Suppose 3*t + 20 = -t, 9 = 2*h - t. Let x be -2 + -4 + (h - -1). List the prime factors of (-1)/((5/x)/5).
3
Let w(f) = -f + 6. Let o be w(5). Let q = -10 + o. Let u(x) = x**2 + 6*x - 5. List the prime factors of u(q).
2, 11
Let j = -2 - -2. Let u(w) = -w + 45. Let h be u(j). Suppose 4*s - 5*s = -h. List the prime factors of s.
3, 5
Suppose 4*l = 2*l + 3*b + 265, 650 = 5*l + 5*b. Let r = l - 75. What are the prime factors of r?
2, 7
Let a = 65 + 204. What are the prime factors of a?
269
Suppose -4*y - 4*g - 5 = 7, 3*g + 9 = 0. Suppose 2*p + 4 = y, -58 - 28 = i + 2*p. Let k = -23 - i. List the prime factors of k.
59
Let f be (-65)/(-25) - 6/10. Suppose -5*n + 8 = j - 3*j, -f*j - 8 = 4*n. Suppose 0 = -2*d + d + 2, n = -2*i + d + 84. What are the prime factors of i?
43
Suppose 0 = 4*g - 9*g + 1530. Suppose 111 - g = -3*w. List the prime factors of w.
5, 13
Let u be 2/4 - (-91)/(-14). What are the prime factors of (-203)/u + 1/6?
2, 17
Let z = 587 - 387. List the prime factors of z.
2, 5
Let w(h) = -4*h + 12. Let l be w(6). Let q = 22 - l. List the prime factors of q.
2, 17
Let z(u) = u**2 - 8*u - 20. Let l be z(10). Suppose -4*k + 75 + 197 = l. What are the prime factors of k?
2, 17
Suppose 0*w = 5*w + 115. Let r = w - -81. List the prime factors of r.
2, 29
Let k(j) = -j - 2. Suppose 7*n = 4*n. Let v be k(n). Let l = v + 8. List the prime factors of l.
2, 3
Suppose 0 = -0*p - p + 4*j + 68, j = 3. Let b = p - 57. Let f = b + -14. What are the prime factors of f?
3
Let n be (6/5)/(10/125). Suppose -11 + 2 = -3*d. Suppose -x = -n + d. List the prime factors of x.
2, 3
Let q(h) = h - 8. Let c be q(8). Suppose c*r = -3*r + 15. Let z(v) = -v**3 + 7*v**2 - 7*v + 6. List the prime factors of z(r).
3, 7
Let l = -496 + 1571. What are the prime factors of l?
5, 43
Let v = 4 - -2. Let r be (v/7)/((-2)/(-7)). List the prime factors of (r + 15 - 1)/1.
17
Suppose 7*m - 1416 = -v + 8*m, -v + 4*m + 1425 = 0. What are the prime factors of v?
3, 157
Let r(w) = -w**2 - 10*w - 12. Let b = -9 - -1. Let z be r(b). List the prime factors of (-29 - 1)/(3 - z).
2, 3, 5
What are the prime factors of (-5100)/(-76) - 2/19?
67
Suppose -13483 + 3633 = -5*c + 5*r, -9810 = -5*c - 3*r. What are the prime factors of c?
3, 5, 131
Let k = 109 - 91. Suppose 0 = -w - 4*w + 15. Suppose -42 = -w*t + k. What are the prime factors of t?
2, 5
Suppose -5*i - 49*a + 619 = -51*a, 5*i - 3*a - 621 = 0. List the prime factors of i.
3, 41
Let d be (-2*3 - -1)*-9. Let o = -41 + d. What are the prime factors of o?
2
Let j = 1043 - 282. List the prime factors of j.
761
Suppose -1680 = 5*w + 2*j, -w - 343 = 3*j - 4*j. Let m be (-22)/(-99) - w/18. Suppose -m + 107 = 4*s. List the prime factors of s.
2, 11
Let n(s) = -4*s**3 - 16*s**2 - 56*s + 30. List the prime factors of n(-9).
2, 3, 359
Suppose -6*x - 12 = -4*x. List the prime factors of ((-164)/(-5))/(x/(-15)).
2, 41
Suppose 683 = 9*o - 7*o - p, 1372 = 4*o - 4*p. List the prime factors of o.
2, 5, 17
Let p(m) = 4*m - 16. Let w be p(5). Suppose -404 = -4*a - 3*h + 7*h, 0 = -2*h - w. What are the prime factors of a?
3, 11
Let w = 1055 + -606. What are the prime factors of w?
449
Suppose -3*z + 7*z - 2940 = 0. Suppose 7*b + 0*b - z = 0. What are the prime factors of b?
3, 5, 7
Let t be 146/(-1*(-1)/(-2 - -1)). Let o = 261 + t. What are the prime factors of o?
5, 23
Let a(f) = -f**2 - 6*f + 0 - 5 + 2 + 0*f**2. Let p be a(-2). Suppose 165 = p*j - 75. List the prime factors of j.
2, 3
Let z = 4 - 12. Let o be 902/z - 2/8. Let v = -68 - o. What are the prime factors of v?
3, 5
Suppose 8*f = f + 4956. List the prime factors of f.
2, 3, 59
Suppose -66150 = 104*f - 122*f. What are the prime factors of f?
3, 5, 7
List the prime factors of 8074/3 + 12 + (-272)/24.
2, 673
Let h(m) = 43*m - 16. List the prime factors of h(6).
2, 11
Let g(f) = -6 + 2 - 2*f + 0*f. Suppose -27 = 3*d + 2*v, -5*d - 4*v = -v + 45. What are the prime factors of g(d)?
2, 7
Suppose 0 = c + 1, 5*c - 1591 + 4196 = 4*z. What are the prime factors of z?
2, 5, 13
Let l(i) = -i**3 + 7*i**2 - 4*i. Let w(r) = -r**3 + 1 + 4 - 4*r - 4 + 7*r**2. Let z(v) = 4*l(v) - 3*w(v). List the prime factors of z(4).
29
Suppose 0 = 3*b + 2*b + 25. Let y = b - -8. Suppose y*c + 50 = r - c, c - 35 = -r. List the prime factors of r.
2, 19
Let f be (-2 + 0 + 1)*0. Suppose 4*l - 18 = 6. Suppose -l*j + j + 50 = f. List the prime factors of j.
2, 5
Let r = -307 + 213. Let m = 148 + r. List the prime factors of m.
2, 3
Let v = -147 + 863. What are the prime factors of v?
2, 179
Let l = 4 - 6. Let c(f) = 148 - 73 - 3*f - 77. What are the prime factors of c(l)?
2
What are the prime factors of (-466)/(1 - 132/120)?
2, 5, 233
Suppose 2*w + w = 5*j + 89, -2*w = 4*j - 74. Let g be w/(-12) - 3/(-4). List the prime factors of 7 + (g + 2 - -3).
2, 5
Let k = -19 + 20. Let d be 2 + 2 + (k - 0). Suppose 0 = -2*r - 2*b + 44, d*r = -4*b + 106 + 7. List the prime factors of r.
5
Suppose 0 = -0*j - 20*j + 6060. What are the prime factors of j?
3, 101
Suppose 437 = 4*y + x, y + x + 535 = 6*y. Let r(t) = -t - 4. Let a be r(-7). Suppose z = a*z - y. List the prime factors of z.
2, 3
What are the prime factors of -2 + -95*222/(-5)?
2, 17, 31
Suppose 0 = -91*o + 90*o + 452. What are the prime factors of o?
2, 113
Suppose 4*x + 2*r - 2 = -0*r, 4*x + 3*r + 1 = 0. Suppose 4*u = b + 9 - 3, 10 = x*b + 3*u. Suppose 2*l = -b*l + 112. What are the prime factors of l?
2, 7
Let k(r) = -r**2 - 4*r. Let g be k(-3). Suppose 5*q + 20 = 0, -2*q - 2 = 3*v - g. Suppose -c - 2*j = -39, -120 = -4*c - v*j + 4*j. List the prime factors of c.
31
Suppose 3*q - 625 - 2711 = 0. What are the prime factors of q?
2, 139
Suppose 6*t = 2*t + 12. Let p = t - -21. List the prime factors of p.
2, 3
Let y(a) = a**2 + 11*a + 52. What are the prime factors of y(-11)?
2, 13
Let l(t) = 15*t**2 + 6*t + 1. Let y be l(2). Let s = 159 - y. List the prime factors of s.
2, 43
Let w = 2432 - 1709. List the prime factors of w.
3, 241
Let y = -94 +